{"id":2008,"date":"2025-07-09T16:09:58","date_gmt":"2025-07-09T14:09:58","guid":{"rendered":"https:\/\/www.med30.org\/visores\/"},"modified":"2025-07-28T11:45:28","modified_gmt":"2025-07-28T09:45:28","slug":"visors","status":"publish","type":"page","link":"https:\/\/www.med30.org\/ca\/visors\/","title":{"rendered":"Visors"},"content":{"rendered":"<section class=\"l-section wpb_row height_medium\"><div class=\"l-section-h i-cf\"><div class=\"g-cols vc_row via_flex valign_top type_default stacking_default\"><div class=\"vc_col-sm-12 wpb_column vc_column_container\"><div class=\"vc_column-inner\"><div class=\"wpb_wrapper\"><div class=\"wpb_text_column\"><div class=\"wpb_wrapper\"><h3>MirEMP<\/h3>\n<p>MirEMP \u00e9s un visor interactiu i f\u00e0cil d\u2019utilitzar que permet explorar i analitzar informaci\u00f3 clau sobre els espais marins protegits (EMP) de les Illes Balears. Combina dades espacials i estad\u00edstiques, posant especial atenci\u00f3 en l&#8217;estat dels plans de gesti\u00f3.<\/p>\n<p>Amb aquesta eina, es poden filtrar i combinar diferents criteris, com l\u2019illa, la superf\u00edcie protegida, el tipus de protecci\u00f3, l\u2019estat del pla de gesti\u00f3 o l\u2019administraci\u00f3 que se n\u2019encarrega. Gr\u00e0cies als gr\u00e0fics, mapes i taules din\u00e0miques, es pot veure de manera clara i visual com avan\u00e7a la planificaci\u00f3 i la gesti\u00f3 dels EMP a les Balears.<\/p>\n<p>Visor elaborat per Nuria Salmer\u00f3n Quesada per al projecte MED30.<\/p>\n<\/div><\/div><div class=\"w-separator size_medium\"><\/div><div class=\"w-html\"><div class='tableauPlaceholder' id='viz1752070135321' style='position: relative'><noscript><a href='#'><img alt='Historia 1 ' src='https:&#47;&#47;public.tableau.com&#47;static&#47;images&#47;Es&#47;EstatPlansdegesti2024&#47;Historia1&#47;1_rss.png' style='border: none' \/><\/a><\/noscript><object class='tableauViz'  style='display:none;'><param name='host_url' value='https%3A%2F%2Fpublic.tableau.com%2F' \/> <param name='embed_code_version' value='3' \/> <param name='site_root' value='' \/><param name='name' value='EstatPlansdegesti2024&#47;Historia1' \/><param name='tabs' value='no' \/><param name='toolbar' value='yes' \/><param name='static_image' value='https:&#47;&#47;public.tableau.com&#47;static&#47;images&#47;Es&#47;EstatPlansdegesti2024&#47;Historia1&#47;1.png' \/> <param name='animate_transition' value='yes' \/><param name='display_static_image' value='yes' \/><param name='display_spinner' value='yes' \/><param name='display_overlay' value='yes' \/><param name='display_count' value='yes' \/><param name='language' value='es-ES' \/><\/object><\/div>                <script type='text\/javascript'>                    var divElement = document.getElementById('viz1752070135321');                    var vizElement = divElement.getElementsByTagName('object')[0];                    vizElement.style.width='1016px';vizElement.style.height='991px';                    var scriptElement = document.createElement('script');                    scriptElement.src = 'https:\/\/public.tableau.com\/javascripts\/api\/viz_v1.js';                    vizElement.parentNode.insertBefore(scriptElement, vizElement);                <\/script><\/div><\/div><\/div><\/div><\/div><\/div><\/section>\n","protected":false},"excerpt":{"rendered":"MirEMP MirEMP \u00e9s un visor interactiu i f\u00e0cil d\u2019utilitzar que permet explorar i analitzar informaci\u00f3 clau sobre els espais marins protegits (EMP) de les Illes Balears. Combina dades espacials i estad\u00edstiques, posant especial atenci\u00f3 en l&#8217;estat dels plans de gesti\u00f3. Amb aquesta eina, es poden filtrar i combinar diferents criteris, com l\u2019illa, la superf\u00edcie protegida,...","protected":false},"author":1,"featured_media":2025,"parent":0,"menu_order":0,"comment_status":"closed","ping_status":"closed","template":"","meta":{"_acf_changed":false,"footnotes":""},"class_list":["post-2008","page","type-page","status-publish","has-post-thumbnail","hentry"],"acf":[],"_links":{"self":[{"href":"https:\/\/www.med30.org\/ca\/wp-json\/wp\/v2\/pages\/2008","targetHints":{"allow":["GET"]}}],"collection":[{"href":"https:\/\/www.med30.org\/ca\/wp-json\/wp\/v2\/pages"}],"about":[{"href":"https:\/\/www.med30.org\/ca\/wp-json\/wp\/v2\/types\/page"}],"author":[{"embeddable":true,"href":"https:\/\/www.med30.org\/ca\/wp-json\/wp\/v2\/users\/1"}],"replies":[{"embeddable":true,"href":"https:\/\/www.med30.org\/ca\/wp-json\/wp\/v2\/comments?post=2008"}],"version-history":[{"count":3,"href":"https:\/\/www.med30.org\/ca\/wp-json\/wp\/v2\/pages\/2008\/revisions"}],"predecessor-version":[{"id":2029,"href":"https:\/\/www.med30.org\/ca\/wp-json\/wp\/v2\/pages\/2008\/revisions\/2029"}],"wp:featuredmedia":[{"embeddable":true,"href":"https:\/\/www.med30.org\/ca\/wp-json\/wp\/v2\/media\/2025"}],"wp:attachment":[{"href":"https:\/\/www.med30.org\/ca\/wp-json\/wp\/v2\/media?parent=2008"}],"curies":[{"name":"wp","href":"https:\/\/api.w.org\/{rel}","templated":true}]}}

<section class="l-section wpb_row height_medium"><div class="l-section-h i-cf"><div class="g-cols vc_row via_flex valign_top type_default stacking_default"><div class="vc_col-sm-12 wpb_column vc_column_container"><div class="vc_column-inner"><div class="wpb_wrapper"><div class="wpb_text_column"><div class="wpb_wrapper"><h3>MirEMP</h3>
<p>MirEMP és un visor interactiu i fàcil d’utilitzar que permet explorar i analitzar informació clau sobre els espais marins protegits (EMP) de les Illes Balears. Combina dades espacials i estadístiques, posant especial atenció en l&#8217;estat dels plans de gestió.</p>
<p>Amb aquesta eina, es poden filtrar i combinar diferents criteris, com l’illa, la superfície protegida, el tipus de protecció, l’estat del pla de gestió o l’administració que se n’encarrega. Gràcies als gràfics, mapes i taules dinàmiques, es pot veure de manera clara i visual com avança la planificació i la gestió dels EMP a les Balears.</p>
<p>Visor elaborat per Nuria Salmerón Quesada per al projecte MED30.</p>
</div></div><div class="w-separator size_medium"></div><div class="w-html"><div class='tableauPlaceholder' id='viz1752070135321' style='position: relative'><noscript><a href='#'><img alt='Historia 1 ' src='https:&#47;&#47;public.tableau.com&#47;static&#47;images&#47;Es&#47;EstatPlansdegesti2024&#47;Historia1&#47;1_rss.png' style='border: none' /></a></noscript><object class='tableauViz'  style='display:none;'><param name='host_url' value='https%3A%2F%2Fpublic.tableau.com%2F' /> <param name='embed_code_version' value='3' /> <param name='site_root' value='' /><param name='name' value='EstatPlansdegesti2024&#47;Historia1' /><param name='tabs' value='no' /><param name='toolbar' value='yes' /><param name='static_image' value='https:&#47;&#47;public.tableau.com&#47;static&#47;images&#47;Es&#47;EstatPlansdegesti2024&#47;Historia1&#47;1.png' /> <param name='animate_transition' value='yes' /><param name='display_static_image' value='yes' /><param name='display_spinner' value='yes' /><param name='display_overlay' value='yes' /><param name='display_count' value='yes' /><param name='language' value='es-ES' /></object></div>                <script type='text/javascript'>                    var divElement = document.getElementById('viz1752070135321');                    var vizElement = divElement.getElementsByTagName('object')[0];                    vizElement.style.width='1016px';vizElement.style.height='991px';                    var scriptElement = document.createElement('script');                    scriptElement.src = 'https://public.tableau.com/javascripts/api/viz_v1.js';                    vizElement.parentNode.insertBefore(scriptElement, vizElement);                </script></div></div></div></div></div></div></section>

MirEMP MirEMP és un visor interactiu i fàcil d’utilitzar que permet explorar i analitzar informació clau sobre els espais marins protegits (EMP) de les Illes Balears. Combina dades espacials i estadístiques, posant especial atenció en l&#8217;estat dels plans de gestió. Amb aquesta eina, es poden filtrar i combinar diferents criteris, com l’illa, la superfície protegida,...
